6794?
False
Is 510 a factor of 41936280?
True
Is 259921550 a multiple of 131?
False
Is 117441578 a multiple of 3503?
True
Is 55675968 a multiple of 24?
True
Is 19 a factor of 36076516?
True
Is 5630672 a multiple of 254?
True
Is 108956875 a multiple of 625?
True
Is 39183105 a multiple of 13?
True
Is 138838599 even?
False
Does 30 divide 11574580?
False
Is 243 a factor of 1209243?
False
Is 728 a factor of 979888?
True
Is 499655591 a multiple of 84?
False
Does 9 divide 10777329?
True
Does 88 divide 3502208027?
False
Is 152 a factor of 2911883?
False
Does 723 divide 1492802685?
False
Does 18 divide 7268144?
False
Does 400 divide 18111780?
False
Is 10708517 a multiple of 13?
False
Is 18 a factor of 1128985110?
True
Is 45 a factor of 84796690?
False
Does 179 divide 1550815?
False
Is 1419 a factor of 51315969?
False
Is 423 a factor of 6910377?
False
Is 42256000 a multiple of 500?
True
Does 21 divide 5120430?
True
Is 164 a factor of 39866788?
False
Is 119655216 a multiple of 144?
True
Is 81 a factor of 59118174?
True
Is 962 a factor of 3421834?
True
Is 31 a factor of 125405190?
False
Is 148607953 a multiple of 169?
True
Does 82 divide 88554761?
False
Is 34 a factor of 3168743?
False
Does 1546 divide 65944630?
True
Is 195761268 a multiple of 1545?
False
Is 3463 a factor of 2208759966?
False
Is 10547661 a multiple of 2?
False
Does 6 divide 57235188?
True
Does 18 divide 17709568?
False
Is 1235121558 a multiple of 66?
True
Does 4 divide 652266604?
True
Is 77135800 a multiple of 4?
True
Does 19 divide 43042448?
True
Is 49453333 a multiple of 1122?
False
Does 9 divide 26073531?
True
Is 8327 a factor of 675562403?
False
Is 6854491 a multiple of 307?
False
Does 2046 divide 283956156?
True
Is 54323440 a multiple of 256?
False
Is 215 a factor of 15974930?
True
Is 3264 a factor of 15176262?
False
Does 1172 divide 35989776?
True
Is 1718177050 a multiple of 29?
False
Does 6 divide 916950316?
False
Is 5106897800 a multiple of 2350?
True
Is 11387050 a multiple of 50?
True
Is 427362984 a multiple of 804?
True
Is 15175184 a multiple of 973?
False
Is 18 a factor of 11144437?
False
Does 1139 divide 198649573?
True
Is 105 a factor of 16329031?
False
Does 149 divide 4656388033?
False
Does 190 divide 13216777?
False
Does 35 divide 69567645?
True
Does 4716 divide 2433125880?
True
Is 9179449 a multiple of 82?
False
Does 5 divide 7645709?
False
Does 17 divide 11573685?
True
Is 546651108 a multiple of 36?
True
Is 11205928 a multiple of 188?
True
Does 44 divide 600441248?
True
Does 3926 divide 6284772628?
False
Is 481 a factor of 112834386?
False
Is 26518921 a multiple of 143?
True
Is 665819208 a multiple of 24?
True
Does 321 divide 126724890?
False
Is 690 a factor of 179769451?
False
Is 56668978 a multiple of 37?
True
Does 36 divide 171217940?
False
Is 312 a factor of 33271359?
False
Is 36794846 a multiple of 221?
False
Does 43 divide 5322014?
False
Is 173063288 a multiple of 4?
True
Is 11270 a factor of 294800660?
True
Is 24 a factor of 459167832?
True
Is 800 a factor of 29909599?
False
Is 3 a factor of 166037970?
True
Does 8 divide 2305110?
False
Is 1951 a factor of 75970376?
False
Is 32 a factor of 191922144?
True
Is 457943472 a multiple of 228?
True
Does 162 divide 191517372?
True
Is 485 a factor of 637821560?
True
Does 51 divide 874569675?
True
Is 5248140 a multiple of 5?
True
Is 196751541 a multiple of 1045?
False
Is 331 a factor of 19269822?
False
Is 27 a factor of 247830294?
False
Does 4 divide 217958068?
True
Is 133 a factor of 15360960?
False
Does 28 divide 185316099?
False
Is 557098496 a multiple of 25?
False
Does 4 divide 249496956?
True
Is 3432 a factor of 82982328?
True
Does 70 divide 3988950?
True
Is 19 a factor of 1672470556?
False
Does 67 divide 50957224?
False
Is 9 a factor of 675121190?
False
Is 22256304 a multiple of 24?
True
Is 3828325770 a multiple of 114?
True
Is 2491551587 a multiple of 229?
False
Is 208 a factor of 253558656?
True
Is 155622264 a multiple of 329?
True
Is 1919 a factor of 1906033317?
True
Is 1957303618 a multiple of 67?
False
Is 520682960 a multiple of 20?
True
Is 888346036 a multiple of 284?
True
Is 165 a factor of 303183449?
False
Does 64 divide 24554112?
True
Is 1071139161 a multiple of 885?
False
Is 19 a factor of 144299650?
False
Is 35 a factor of 204433390?
True
Is 2 a factor of 3818043?
False
Is 1648 a factor of 59140128?
True
Does 54 divide 63704062?
False
Does 8 divide 262305504?
True
Is 33 a factor of 2645669653?
False
Does 71 divide 42636991?
True
Does 4545 divide 40643402?
False
Is 2017 a factor of 12378329?
True
Is 43 a factor of 3546554?
True
Does 4070 divide 100903440?
True
Does 149 divide 1276069674?
True
Does 1611 divide 18827757?
True
Is 2732 a factor of 278513316?
False
Is 13 a factor of 63453116?
False
Does 34 divide 35875974?
False
Is 29253544 a multiple of 241?
True
Is 4700 a factor of 53133500?
True
Is 2850809088 a multiple of 39?
False
Does 25 divide 175868625?
True
Is 11815326 a multiple of 3?
True
Is 1268725000 a multiple of 516?
False
Is 47979065 a multiple of 1000?
False
Is 241627804 a multiple of 70?
False
Is 12 a factor of 632182?
False
Is 2338 a factor of 140845796?
True
Is 183205695 a multiple of 14?
False
Is 296970844 a multiple of 765?
False
Is 12 a factor of 1387338009?
False
Does 619 divide 150395988?
False
Does 46 divide 417898914?
True
Is 2718 a factor of 2090574162?
True
Is 134 a factor of 24629334?
True
Is 5661 a factor of 218797650?
True
Is 3403056 a multiple of 62?
True
Does 2355 divide 451182675?
True
Is 678340720 a multiple of 80?
True
Is 8 a factor of 21705053?
False
Does 7 divide 13123040?
True
Is 2820 a factor of 73803126?
False
Is 4 a factor of 217713752?
True
Is 13 a factor of 96595262?
False
Is 13 a factor of 107754265?
False
Is 5 a factor of 5784720?
True
Is 82794420 a multiple of 1479?
True
Does 89 divide 66429532?
False
Does 20 divide 112322100?
True
Does 11 divide 964356745?
True
Is 13 a factor of 25286202?
False
Does 51 divide 115995573?
True
Does 938 divide 222585766?
False
Does 50 divide 702400?
True
Is 1840832144 a multiple of 38?
False
Does 393 divide 133161487?
False
Is 4 a factor of 3447684?
True
Is 994009876 a multiple of 706?
True
Does 266 divide 272403902?
False
Does 75 divide 3824463?
False
Is 96938736 a multiple of 12?
True
Does 9 divide 58642551?
True
Is 59091738 a multiple of 163?
True
Does 8 divide 103176539?
False
Does 474 divide 1385893050?
True
Is 4 a factor of 713294272?
True
Is 21148052 a multiple of 709?
True
Is 25528080 a multiple of 41?
False
Does 60 divide 41853780?
True
Is 3 a factor of 705446?
False
Does 415 divide 1769503975?
True
Does 13 divide 3114982?
True
Is 6 a factor of 18857601?
False
Is 147 a factor of 4002075?
True
Does 172 divide 841611306?
False
Is 89293239 a multiple of 49?
True
Is 17 a factor of 51079373?
True
Is 307 a factor of 569237?
False
Is 2071 a factor of 1367865415?
False
Is 35556156 a multiple of 110?
False
Does 3744 divide 234642034?
False
Does 3 divide 4327308?
True
Does 11 divide 161269218?
True
Is 5903823 a multiple of 40?
False
Does 44 divide 21569426?
False
Is 282431628 a multiple of 138?
True
Does 264 divide 4995464232?
True
Is 1309604408 a multiple of 919?
True
Is 1354193140 a multiple of 1660?
True
Does 100 divide 46421184?
False
Does 457 divide 12342154?
False
Is 35321304 a multiple of 76?
True
Is 181 a factor of 25235382?
True
Does 3 divide 1087410?
True
Is 156426842 a multiple of 5?
False
Does 13 divide 363814594?
True
Is 978 a factor of 338311716?
True
Is 53 a factor of 7236408?
True
Is 165 a factor of 148045095?
True
Does 1481 divide 25493934?
True
Is 90 a factor of 288482512?
False
Is 176148402 a multiple of 1803?
False
Is 9446226 a multiple of 60?
False
Is 238 a factor of 1506667624?
False
Is 4 a factor of 22394360?
True
Does 15 divide 15768960?
True
Is 22990816 a multiple of 39?
False
Is 184 a factor of 5732888?
True
Is 1489801581 a multiple of 4813?
True
Does 96 divide 302826624?
True
Does 615 divide 153106095?
True
Is 1158351517 a multiple of 53?
True
Does 19 divide 6799843?
False
Is 167 a factor of 137916231?
False
Is 3559 a factor of 149200713?
False
Is 505 a factor of 93211307?
False
Is 15 a factor of 499055220?
True
Does 82 divide 78235298?
True
Does 187 divide 133327634?
True
Does 85 divide 92527090?
True
Is 